{"id":250192,"date":"2023-12-04T13:36:31","date_gmt":"2023-12-04T12:36:31","guid":{"rendered":"https:\/\/lespapillonsblancs.fr\/?page_id=250192"},"modified":"2023-12-04T14:27:32","modified_gmt":"2023-12-04T13:27:32","slug":"qui-sommes-nous-2-2","status":"publish","type":"page","link":"https:\/\/lespapillonsblancs.fr\/index.php\/qui-sommes-nous-2-2\/","title":{"rendered":"Nos ambitions"},"content":{"rendered":"<p>[et_pb_section fb_built=\u00a0\u00bb1&Prime; next_background_color=\u00a0\u00bb#ffffff\u00a0\u00bb _builder_version=\u00a0\u00bb4.23.1&Prime; _module_preset=\u00a0\u00bbdefault\u00a0\u00bb use_background_color_gradient=\u00a0\u00bbon\u00a0\u00bb background_image=\u00a0\u00bbhttp:\/\/lespapillonsblancs.fr\/wp-content\/uploads\/2023\/11\/25544-220426171244067-1-960&#215;640-1-e1701308909202.jpg\u00a0\u00bb background_position=\u00a0\u00bbtop_center\u00a0\u00bb background_blend=\u00a0\u00bbsoft-light\u00a0\u00bb bottom_divider_style=\u00a0\u00bbwaves2&Prime; bottom_divider_height=\u00a0\u00bb72px\u00a0\u00bb bottom_divider_repeat=\u00a0\u00bb1x\u00a0\u00bb global_colors_info=\u00a0\u00bb{}\u00a0\u00bb][et_pb_row _builder_version=\u00a0\u00bb4.23.1&Prime; _module_preset=\u00a0\u00bbdefault\u00a0\u00bb background_color=\u00a0\u00bbRGBA(255,255,255,0)\u00a0\u00bb custom_margin=\u00a0\u00bb||20px||false|false\u00a0\u00bb global_colors_info=\u00a0\u00bb{}\u00a0\u00bb][et_pb_column type=\u00a0\u00bb4_4&Prime; _builder_version=\u00a0\u00bb4.23.1&Prime; _module_preset=\u00a0\u00bbdefault\u00a0\u00bb global_colors_info=\u00a0\u00bb{}\u00a0\u00bb][et_pb_cta title=\u00a0\u00bbNos Ambitions\u00a0\u00bb button_text=\u00a0\u00bbClics\u00a0\u00bb _builder_version=\u00a0\u00bb4.23.1&Prime; _module_preset=\u00a0\u00bbdefault\u00a0\u00bb header_level=\u00a0\u00bbh1&Prime; body_line_height=\u00a0\u00bb1.9em\u00a0\u00bb use_background_color=\u00a0\u00bboff\u00a0\u00bb hover_enabled=\u00a0\u00bb0&Prime; global_colors_info=\u00a0\u00bb{}\u00a0\u00bb sticky_enabled=\u00a0\u00bb0&Prime;]<\/p>\n<p><span>Explorez notre univers d\u00e9di\u00e9 \u00e0 nos aspirations, v\u00e9ritable t\u00e9moignage de notre engagement envers une soci\u00e9t\u00e9 inclusive et empreinte de respect.<\/span> Nous sommes Les papillons blancs des vall\u00e9es, une organisation d\u00e9vou\u00e9e \u00e0 guider les choix de vie, renforcer l&rsquo;accompagnement des familles, sensibiliser la soci\u00e9t\u00e9 au handicap, transformer notre offre, et intensifier notre impact soci\u00e9tal et environnemental. Nous sommes fiers de notre engagement \u00e0 cr\u00e9er une soci\u00e9t\u00e9 o\u00f9 chacun a sa place et o\u00f9 le respect et l&rsquo;inclusion sont au c\u0153ur de tout ce que nous faisons. D\u00e9couvrez comment nous travaillons sans rel\u00e2che pour apporter des changements positifs dans nos communaut\u00e9s et pour soutenir ceux qui en ont le plus besoin. Rejoignez nous dans notre mission et ensemble, nous pouvons faire la diff\u00e9rence.<\/p>\n<p>[\/et_pb_cta][\/et_pb_column][\/et_pb_row][\/et_pb_section][et_pb_section fb_built=\u00a0\u00bb1&Prime; _builder_version=\u00a0\u00bb4.23.1&Prime; _module_preset=\u00a0\u00bbdefault\u00a0\u00bb custom_padding=\u00a0\u00bb75px||||false|false\u00a0\u00bb top_divider_color=\u00a0\u00bbrgba(86,191,185,0.09)\u00a0\u00bb top_divider_height=\u00a0\u00bb106px\u00a0\u00bb top_divider_arrangement=\u00a0\u00bbabove_content\u00a0\u00bb global_colors_info=\u00a0\u00bb{}\u00a0\u00bb][et_pb_row column_structure=\u00a0\u00bb1_2,1_2&Prime; _builder_version=\u00a0\u00bb4.23.1&Prime; _module_preset=\u00a0\u00bbdefault\u00a0\u00bb global_colors_info=\u00a0\u00bb{}\u00a0\u00bb][et_pb_column type=\u00a0\u00bb1_2&Prime; _builder_version=\u00a0\u00bb4.23.1&Prime; _module_preset=\u00a0\u00bbdefault\u00a0\u00bb global_colors_info=\u00a0\u00bb{}\u00a0\u00bb][et_pb_blurb title=\u00a0\u00bbAccompagner les choix de vie et favoriser l\u2019Inclusion\u00a0\u00bb image=\u00a0\u00bbhttp:\/\/lespapillonsblancs.fr\/wp-content\/uploads\/2023\/12\/Image5.jpg\u00a0\u00bb _builder_version=\u00a0\u00bb4.23.1&Prime; _module_preset=\u00a0\u00bbdefault\u00a0\u00bb header_level=\u00a0\u00bbh2&Prime; header_font=\u00a0\u00bb||||||||\u00a0\u00bb hover_enabled=\u00a0\u00bb0&Prime; global_colors_info=\u00a0\u00bb{}\u00a0\u00bb sticky_enabled=\u00a0\u00bb0&Prime; title_text=\u00a0\u00bbImage5&Prime; header_text_align=\u00a0\u00bbcenter\u00a0\u00bb]<\/p>\n<p style=\"text-align: justify;\"><span>Nous aspirons \u00e0 jouer un r\u00f4le cl\u00e9 dans le virage inclusif en garantissant une meilleure inclusion sociale. Nos objectifs incluent un accompagnement personnalis\u00e9 tout au long des choix de vie et la pr\u00e9vention des ruptures de parcours. Notre vision ? R\u00e9ussir le projet d&rsquo;une soci\u00e9t\u00e9 inclusive o\u00f9 le simple terme \u00ab\u00a0Soci\u00e9t\u00e9\u00a0\u00bb suffira.<\/span><\/p>\n<p>[\/et_pb_blurb][et_pb_cta button_text=\u00a0\u00bbClics\u00a0\u00bb _builder_version=\u00a0\u00bb4.23.1&Prime; _module_preset=\u00a0\u00bbdefault\u00a0\u00bb hover_enabled=\u00a0\u00bb0&Prime; sticky_enabled=\u00a0\u00bb0&Prime; custom_margin=\u00a0\u00bb50px||||false|false\u00a0\u00bb title_text=\u00a0\u00bbblond man hero angry expression\u00a0\u00bb background_image=\u00a0\u00bbhttp:\/\/lespapillonsblancs.fr\/wp-content\/uploads\/2023\/12\/blond-homme-heros-expression-colere-scaled.jpg\u00a0\u00bb background_blend=\u00a0\u00bbmultiply\u00a0\u00bb min_height=\u00a0\u00bb700px\u00a0\u00bb text_shadow_style=\u00a0\u00bbpreset1&Prime; body_font=\u00a0\u00bb||||||||\u00a0\u00bb body_text_align=\u00a0\u00bbcenter\u00a0\u00bb body_font_size=\u00a0\u00bb31px\u00a0\u00bb body_line_height=\u00a0\u00bb1.8em\u00a0\u00bb body_text_shadow_style=\u00a0\u00bbpreset1&Prime; custom_padding=\u00a0\u00bb83px||||false|false\u00a0\u00bb]<\/p>\n<p>Rejoignez nous<span>\u00a0dans<br \/>cette aventure passionnante o\u00f9 chaque action contribue<br \/>\u00e0 fa\u00e7onner un avenir inclusif, respectueux et durable.<br \/>Nos ambitions<br \/>sont le moteur qui guide<br \/>notre engagement envers<br \/>une soci\u00e9t\u00e9 o\u00f9<br \/>chacun a sa place.<\/span><\/p>\n<p>[\/et_pb_cta][et_pb_blurb title=\u00a0\u00bbS&rsquo;inscrire dans une dynamique de transformation de l&rsquo;offre\u00a0\u00bb image=\u00a0\u00bbhttp:\/\/lespapillonsblancs.fr\/wp-content\/uploads\/2023\/12\/Image8.jpg\u00a0\u00bb _builder_version=\u00a0\u00bb4.23.1&Prime; _module_preset=\u00a0\u00bbdefault\u00a0\u00bb header_level=\u00a0\u00bbh2&Prime; header_font=\u00a0\u00bb||||||||\u00a0\u00bb hover_enabled=\u00a0\u00bb0&Prime; global_colors_info=\u00a0\u00bb{}\u00a0\u00bb sticky_enabled=\u00a0\u00bb0&Prime; title_text=\u00a0\u00bbImage8&Prime; header_text_align=\u00a0\u00bbcenter\u00a0\u00bb]<\/p>\n<p style=\"text-align: justify;\"><span>Nous nous engageons \u00e0 rendre notre accompagnement plus souple et adapt\u00e9, affirmant notre positionnement unique. D\u00e9couvrez nos projets innovants, de la cr\u00e9ation d&rsquo;un SAVAC \u00e0 un accueil temporaire, visant \u00e0 r\u00e9pondre aux besoins \u00e9volutifs des personnes que nous accompagnons.<\/span><\/p>\n<p>[\/et_pb_blurb][\/et_pb_column][et_pb_column _builder_version=\u00a0\u00bb4.23.1&Prime; _module_preset=\u00a0\u00bbdefault\u00a0\u00bb type=\u00a0\u00bb1_2&Prime;][et_pb_blurb title=\u00a0\u00bbRenforcer l&rsquo;accompagnement des familles, des proches et des aidants\u00a0\u00bb image=\u00a0\u00bbhttp:\/\/lespapillonsblancs.fr\/wp-content\/uploads\/2023\/12\/Image6.jpg\u00a0\u00bb _builder_version=\u00a0\u00bb4.23.1&Prime; _module_preset=\u00a0\u00bbdefault\u00a0\u00bb header_level=\u00a0\u00bbh2&Prime; header_font=\u00a0\u00bb||||||||\u00a0\u00bb hover_enabled=\u00a0\u00bb0&Prime; global_colors_info=\u00a0\u00bb{}\u00a0\u00bb sticky_enabled=\u00a0\u00bb0&Prime; title_text=\u00a0\u00bbImage6&Prime; header_text_align=\u00a0\u00bbcenter\u00a0\u00bb]<\/p>\n<p>Les familles et les proches au c\u0153ur de leur engagement. Ils s&rsquo;efforcent de renforcer l&rsquo;accompagnement en cr\u00e9ant des ressources et en intensifiant leur soutien \u00e0 toutes les \u00e9tapes importantes du parcours. Par le biais d&rsquo;actions concr\u00e8tes, Les papillons blancs des vall\u00e9es reconnaissent le r\u00f4le essentiel jou\u00e9 par ceux qui accompagnent et veillent \u00e0 fournir un soutien continu et solide.<\/p>\n<p>[\/et_pb_blurb][et_pb_blurb title=\u00a0\u00bbSensibiliser et mobiliser sur les questions li\u00e9es au handicap\u00a0\u00bb image=\u00a0\u00bbhttp:\/\/lespapillonsblancs.fr\/wp-content\/uploads\/2023\/12\/Image7.jpg\u00a0\u00bb _builder_version=\u00a0\u00bb4.23.1&Prime; _module_preset=\u00a0\u00bbdefault\u00a0\u00bb header_level=\u00a0\u00bbh2&Prime; header_font=\u00a0\u00bb||||||||\u00a0\u00bb hover_enabled=\u00a0\u00bb0&Prime; global_colors_info=\u00a0\u00bb{}\u00a0\u00bb sticky_enabled=\u00a0\u00bb0&Prime; title_text=\u00a0\u00bbImage7&Prime; header_text_align=\u00a0\u00bbcenter\u00a0\u00bb]<\/p>\n<p style=\"text-align: justify;\"><span>Ensemble, nous pouvons cr\u00e9er un monde o\u00f9 le handicap n&rsquo;est plus un obstacle, mais une richesse. Notre ambition est d&rsquo;\u00eatre une voix influente, de promouvoir l&rsquo;inclusion et l&rsquo;accessibilit\u00e9 pour tous, tout en int\u00e9ressant davantage de b\u00e9n\u00e9voles.<\/span><\/p>\n<p>[\/et_pb_blurb][et_pb_blurb title=\u00a0\u00bbIntensifier notre engagement soci\u00e9tal et environnemental\u00a0\u00bb image=\u00a0\u00bbhttp:\/\/lespapillonsblancs.fr\/wp-content\/uploads\/2023\/12\/Image9.jpg\u00a0\u00bb _builder_version=\u00a0\u00bb4.23.1&Prime; _module_preset=\u00a0\u00bbdefault\u00a0\u00bb header_level=\u00a0\u00bbh2&Prime; header_font=\u00a0\u00bb||||||||\u00a0\u00bb hover_enabled=\u00a0\u00bb0&Prime; global_colors_info=\u00a0\u00bb{}\u00a0\u00bb sticky_enabled=\u00a0\u00bb0&Prime; title_text=\u00a0\u00bbImage9&Prime; header_text_align=\u00a0\u00bbcenter\u00a0\u00bb]<\/p>\n<p style=\"text-align: justify;\"><span>En tant qu&rsquo;association responsable, nos ambitions s&rsquo;\u00e9tendent \u00e0 offrir des opportunit\u00e9s d&rsquo;\u00e9panouissement tout en minimisant notre empreinte \u00e9cologique. Explorez nos actions pour le bien-\u00eatre au travail, la promotion d&rsquo;une consommation responsable, et notre contribution \u00e0 la pr\u00e9servation de l&rsquo;environnement.<\/span><\/p>\n<p>[\/et_pb_blurb][\/et_pb_column][\/et_pb_row][\/et_pb_section]<\/p>\n","protected":false},"excerpt":{"rendered":"<p>Explorez notre univers d\u00e9di\u00e9 \u00e0 nos aspirations, v\u00e9ritable t\u00e9moignage de notre engagement envers une soci\u00e9t\u00e9 inclusive et empreinte de respect. Nous sommes Les papillons blancs des vall\u00e9es, une organisation d\u00e9vou\u00e9e \u00e0 guider les choix de vie, renforcer l&rsquo;accompagnement des familles, sensibiliser la soci\u00e9t\u00e9 au handicap, transformer notre offre, et intensifier notre impact soci\u00e9tal et environnemental. [&hellip;]<\/p>\n","protected":false},"author":2,"featured_media":0,"parent":0,"menu_order":0,"comment_status":"closed","ping_status":"closed","template":"","meta":{"_et_pb_use_builder":"on","_et_pb_old_content":"","_et_gb_content_width":"","footnotes":""},"class_list":["post-250192","page","type-page","status-publish","hentry"],"_links":{"self":[{"href":"https:\/\/lespapillonsblancs.fr\/index.php\/wp-json\/wp\/v2\/pages\/250192","targetHints":{"allow":["GET"]}}],"collection":[{"href":"https:\/\/lespapillonsblancs.fr\/index.php\/wp-json\/wp\/v2\/pages"}],"about":[{"href":"https:\/\/lespapillonsblancs.fr\/index.php\/wp-json\/wp\/v2\/types\/page"}],"author":[{"embeddable":true,"href":"https:\/\/lespapillonsblancs.fr\/index.php\/wp-json\/wp\/v2\/users\/2"}],"replies":[{"embeddable":true,"href":"https:\/\/lespapillonsblancs.fr\/index.php\/wp-json\/wp\/v2\/comments?post=250192"}],"version-history":[{"count":2,"href":"https:\/\/lespapillonsblancs.fr\/index.php\/wp-json\/wp\/v2\/pages\/250192\/revisions"}],"predecessor-version":[{"id":250201,"href":"https:\/\/lespapillonsblancs.fr\/index.php\/wp-json\/wp\/v2\/pages\/250192\/revisions\/250201"}],"wp:attachment":[{"href":"https:\/\/lespapillonsblancs.fr\/index.php\/wp-json\/wp\/v2\/media?parent=250192"}],"curies":[{"name":"wp","href":"https:\/\/api.w.org\/{rel}","templated":true}]}}

<p>[et_pb_section fb_built= »1&Prime; next_background_color= »#ffffff » _builder_version= »4.23.1&Prime; _module_preset= »default » use_background_color_gradient= »on » background_image= »http://lespapillonsblancs.fr/wp-content/uploads/2023/11/25544-220426171244067-1-960&#215;640-1-e1701308909202.jpg » background_position= »top_center » background_blend= »soft-light » bottom_divider_style= »waves2&Prime; bottom_divider_height= »72px » bottom_divider_repeat= »1x » global_colors_info= »{} »][et_pb_row _builder_version= »4.23.1&Prime; _module_preset= »default » background_color= »RGBA(255,255,255,0) » custom_margin= »||20px||false|false » global_colors_info= »{} »][et_pb_column type= »4_4&Prime; _builder_version= »4.23.1&Prime; _module_preset= »default » global_colors_info= »{} »][et_pb_cta title= »Nos Ambitions » button_text= »Clics » _builder_version= »4.23.1&Prime; _module_preset= »default » header_level= »h1&Prime; body_line_height= »1.9em » use_background_color= »off » hover_enabled= »0&Prime; global_colors_info= »{} » sticky_enabled= »0&Prime;]</p>
<p><span>Explorez notre univers dédié à nos aspirations, véritable témoignage de notre engagement envers une société inclusive et empreinte de respect.</span> Nous sommes Les papillons blancs des vallées, une organisation dévouée à guider les choix de vie, renforcer l&rsquo;accompagnement des familles, sensibiliser la société au handicap, transformer notre offre, et intensifier notre impact sociétal et environnemental. Nous sommes fiers de notre engagement à créer une société où chacun a sa place et où le respect et l&rsquo;inclusion sont au cœur de tout ce que nous faisons. Découvrez comment nous travaillons sans relâche pour apporter des changements positifs dans nos communautés et pour soutenir ceux qui en ont le plus besoin. Rejoignez nous dans notre mission et ensemble, nous pouvons faire la différence.</p>
<p>[/et_pb_cta][/et_pb_column][/et_pb_row][/et_pb_section][et_pb_section fb_built= »1&Prime; _builder_version= »4.23.1&Prime; _module_preset= »default » custom_padding= »75px||||false|false » top_divider_color= »rgba(86,191,185,0.09) » top_divider_height= »106px » top_divider_arrangement= »above_content » global_colors_info= »{} »][et_pb_row column_structure= »1_2,1_2&Prime; _builder_version= »4.23.1&Prime; _module_preset= »default » global_colors_info= »{} »][et_pb_column type= »1_2&Prime; _builder_version= »4.23.1&Prime; _module_preset= »default » global_colors_info= »{} »][et_pb_blurb title= »Accompagner les choix de vie et favoriser l’Inclusion » image= »http://lespapillonsblancs.fr/wp-content/uploads/2023/12/Image5.jpg » _builder_version= »4.23.1&Prime; _module_preset= »default » header_level= »h2&Prime; header_font= »|||||||| » hover_enabled= »0&Prime; global_colors_info= »{} » sticky_enabled= »0&Prime; title_text= »Image5&Prime; header_text_align= »center »]</p>
<p style="text-align: justify;"><span>Nous aspirons à jouer un rôle clé dans le virage inclusif en garantissant une meilleure inclusion sociale. Nos objectifs incluent un accompagnement personnalisé tout au long des choix de vie et la prévention des ruptures de parcours. Notre vision ? Réussir le projet d&rsquo;une société inclusive où le simple terme « Société » suffira.</span></p>
<p>[/et_pb_blurb][et_pb_cta button_text= »Clics » _builder_version= »4.23.1&Prime; _module_preset= »default » hover_enabled= »0&Prime; sticky_enabled= »0&Prime; custom_margin= »50px||||false|false » title_text= »blond man hero angry expression » background_image= »http://lespapillonsblancs.fr/wp-content/uploads/2023/12/blond-homme-heros-expression-colere-scaled.jpg » background_blend= »multiply » min_height= »700px » text_shadow_style= »preset1&Prime; body_font= »|||||||| » body_text_align= »center » body_font_size= »31px » body_line_height= »1.8em » body_text_shadow_style= »preset1&Prime; custom_padding= »83px||||false|false »]</p>
<p>Rejoignez nous<span> dans<br />cette aventure passionnante où chaque action contribue<br />à façonner un avenir inclusif, respectueux et durable.<br />Nos ambitions<br />sont le moteur qui guide<br />notre engagement envers<br />une société où<br />chacun a sa place.</span></p>
<p>[/et_pb_cta][et_pb_blurb title= »S&rsquo;inscrire dans une dynamique de transformation de l&rsquo;offre » image= »http://lespapillonsblancs.fr/wp-content/uploads/2023/12/Image8.jpg » _builder_version= »4.23.1&Prime; _module_preset= »default » header_level= »h2&Prime; header_font= »|||||||| » hover_enabled= »0&Prime; global_colors_info= »{} » sticky_enabled= »0&Prime; title_text= »Image8&Prime; header_text_align= »center »]</p>
<p style="text-align: justify;"><span>Nous nous engageons à rendre notre accompagnement plus souple et adapté, affirmant notre positionnement unique. Découvrez nos projets innovants, de la création d&rsquo;un SAVAC à un accueil temporaire, visant à répondre aux besoins évolutifs des personnes que nous accompagnons.</span></p>
<p>[/et_pb_blurb][/et_pb_column][et_pb_column _builder_version= »4.23.1&Prime; _module_preset= »default » type= »1_2&Prime;][et_pb_blurb title= »Renforcer l&rsquo;accompagnement des familles, des proches et des aidants » image= »http://lespapillonsblancs.fr/wp-content/uploads/2023/12/Image6.jpg » _builder_version= »4.23.1&Prime; _module_preset= »default » header_level= »h2&Prime; header_font= »|||||||| » hover_enabled= »0&Prime; global_colors_info= »{} » sticky_enabled= »0&Prime; title_text= »Image6&Prime; header_text_align= »center »]</p>
<p>Les familles et les proches au cœur de leur engagement. Ils s&rsquo;efforcent de renforcer l&rsquo;accompagnement en créant des ressources et en intensifiant leur soutien à toutes les étapes importantes du parcours. Par le biais d&rsquo;actions concrètes, Les papillons blancs des vallées reconnaissent le rôle essentiel joué par ceux qui accompagnent et veillent à fournir un soutien continu et solide.</p>
<p>[/et_pb_blurb][et_pb_blurb title= »Sensibiliser et mobiliser sur les questions liées au handicap » image= »http://lespapillonsblancs.fr/wp-content/uploads/2023/12/Image7.jpg » _builder_version= »4.23.1&Prime; _module_preset= »default » header_level= »h2&Prime; header_font= »|||||||| » hover_enabled= »0&Prime; global_colors_info= »{} » sticky_enabled= »0&Prime; title_text= »Image7&Prime; header_text_align= »center »]</p>
<p style="text-align: justify;"><span>Ensemble, nous pouvons créer un monde où le handicap n&rsquo;est plus un obstacle, mais une richesse. Notre ambition est d&rsquo;être une voix influente, de promouvoir l&rsquo;inclusion et l&rsquo;accessibilité pour tous, tout en intéressant davantage de bénévoles.</span></p>
<p>[/et_pb_blurb][et_pb_blurb title= »Intensifier notre engagement sociétal et environnemental » image= »http://lespapillonsblancs.fr/wp-content/uploads/2023/12/Image9.jpg » _builder_version= »4.23.1&Prime; _module_preset= »default » header_level= »h2&Prime; header_font= »|||||||| » hover_enabled= »0&Prime; global_colors_info= »{} » sticky_enabled= »0&Prime; title_text= »Image9&Prime; header_text_align= »center »]</p>
<p style="text-align: justify;"><span>En tant qu&rsquo;association responsable, nos ambitions s&rsquo;étendent à offrir des opportunités d&rsquo;épanouissement tout en minimisant notre empreinte écologique. Explorez nos actions pour le bien-être au travail, la promotion d&rsquo;une consommation responsable, et notre contribution à la préservation de l&rsquo;environnement.</span></p>
<p>[/et_pb_blurb][/et_pb_column][/et_pb_row][/et_pb_section]</p>

<p>Explorez notre univers dédié à nos aspirations, véritable témoignage de notre engagement envers une société inclusive et empreinte de respect. Nous sommes Les papillons blancs des vallées, une organisation dévouée à guider les choix de vie, renforcer l&rsquo;accompagnement des familles, sensibiliser la société au handicap, transformer notre offre, et intensifier notre impact sociétal et environnemental. [&hellip;]</p>
